 of d(n). Let w be p(4). What is m(w)?
0
Suppose 0 = -23*k + 44*k + 126. Let w(s) = 4*s + 9. Determine w(k).
-15
Let l(k) = k**2 - 2*k - 2. Let t be l(-1). Let w(d) = 7 - 21 + 4*d**2 + 15. What is w(t)?
5
Let f(m) = 9*m + 81. Let y be f(-8). Let n(p) = -3*p + 5. Determine n(y).
-22
Let w(o) = 9*o + 1. Let t(r) = -r - 13. Let k be t(-9). Let l be (6 - 3)*k/(-3). Suppose -2 = -l*m - n, -6*n = 5*m - n + 5. Give w(m).
10
Let h(b) = -b - 4. Let z be h(-6). Suppose -5*q = -z*q + 15. Let s(x) = -x**2 - 7*x - 2. What is s(q)?
8
Let z(c) = -c**3 - 5*c**2 - c - 6. Let l be 1 + 0 - (-2)/1. Suppose -l = -2*r + 1. Let k be 1/(r*2/(-20)). What is z(k)?
-1
Let i(a) be the second derivative of a**5/20 - 5*a**4/12 + a**3 - 5*a**2/2 + 346*a. Determine i(4).
3
Suppose q + 4*q + f = 26, 3*f - 28 = -5*q. Let v(m) be the second derivative of 0 + 1/20*m**q - 1/4*m**4 + 2*m**2 - 3*m - 1/3*m**3. Calculate v(3).
-2
Let x(l) = -l**2 - 2*l + 16. Suppose -2*u - 114 = -40*u. Determine x(u).
1
Let a(r) = -r**2 + 3*r + 3. Let q be 0 - (-6 + 4 - -1 - 1). Let v(j) = j**3 - 6*j**2 + 7*j. Let u be v(q). Give a(u).
-7
Let r(q) = 13*q + 10. Let y(p) = -4*p - 5. Let n(w) = -2*r(w) - 5*y(w). Calculate n(-5).
35
Let q(u) = -u**3 + u**2 + 2*u - 2. Let o = -88 + 88. Let g be q(o). Let s(t) = 0*t**3 - 4*t**3 + 3*t**3 - 2*t - 2*t**2 - 2. Determine s(g).
2
Let t(p) be the third derivative of p**8/20160 + p**7/840 + p**6/90 - 11*p**5/60 - 29*p**2. Let g(j) be the third derivative of t(j). Give g(-6).
8
Let a be 92/(-20) + 5 + 86/10. Suppose 5*o + 4 = 2*y, 3*o + 4*y + a = -9. Let g(b) = -4*b - 3. Give g(o).
5
Let w = -68 + 148. Let v be (-8)/(w/(-15)) + 3/6. Let j(q) = 2*q**3 + q**2 - 4*q + 3. Determine j(v).
15
Let w(f) = f**2 - 6 - f**2 + f**2 - 4*f - 2*f**2. Let m = 30 + -56. Let b = 22 + m. Determine w(b).
-6
Let x(r) = -4*r**2 + 3*r + 7. Let w(o) = -5*o**2 + 4*o + 8. Let u(f) = -5*w(f) + 6*x(f). What is u(1)?
1
Let p(s) = s**2 + 11*s + 5. Let z(n) = 10*n**3 - 2*n - 2. Let j be z(-1). Calculate p(j).
-5
Let s(q) = q**2 - 5*q + 1. Let k be (-8)/(-12)*-3 + 3. Suppose 5*c = 5*w - k - 4, w = -5*c + 31. Suppose u - 16 = 4*d, 6 + w = -4*d. Calculate s(u).
-3
Let p(a) = -3 - a - 5*a**2 - 2*a**2 + 7*a**2 + a**2. Give p(-3).
9
Let o(f) = -f**2 + 6. Let i(s) = 52*s + 49. Let x be i(-1). Give o(x).
-3
Let h(i) be the third derivative of -1/24*i**4 + 6*i**2 + 0*i + 0 + 0*i**3. What is h(5)?
-5
Let a(p) = 48 + 3*p - 21 - 13 - 16. Determine a(-1).
-5
Let n(s) = -s + 14. Let a be n(14). Let g be a + (-5 - -3) + 7. Let h(m) = m**3 - 5*m**2 - 3*m + 7. Determine h(g).
-8
Let q(g) = -g**3 - 8*g**2 + 46*g - 20. Let v be q(-12). Let a(m) = -m**3 + 6*m**2 - 7*m. Determine a(v).
4
Let f(p) = 2*p**3 + 10*p**2 + 17*p + 9. Let c(n) = -115 + 5*n**2 + n**3 + 2*n + 6*n + 119. Let r(a) = 13*c(a) - 6*f(a). Calculate r(-2).
6
Let i(m) = m**3 + 17*m**2 - 34*m + 88. Let t be i(-19). Let s(p) = -p**3 + 11*p**2 + 11*p + 17. Calculate s(t).
5
Let x(b) = 8*b**2 - 17*b + 8. Let v(w) = 5*w**2 - 9*w + 3. Let h(s) = 5*v(s) - 3*x(s). Determine h(-9).
18
Let s(o) = -279 - 4*o + 285 - 2*o. Let m(q) = -2*q + 1. Let x(k) = 4*m(k) - s(k). Calculate x(5).
-12
Let n be 2/6 - (-177)/9. Let u(l) = -33*l + n*l + 16*l. Give u(1).
3
Let j(t) = -3*t + 3. Let r(h) = 9*h**2 - 1. Let s be r(-1). Suppose 0 = -2*d - y + s, -5*d + 33 - 6 = -y. Let f be d/(-10) - (-14)/4. Calculate j(f).
-6
Let m(q) be the third derivative of -17/6*q**3 - 18*q**2 + 0*q + 1/24*q**4 + 0. What is m(12)?
-5
Let r be ((-30)/10)/(6/(-10)). Let k = 4 - 3. Let g = k - r. Let p(t) = -t**3 - 3*t**2 + 6*t + 2. Determine p(g).
-6
Let z be (114/(-15) - -2)/(4/10). Let o(i) = -i**3 - 13*i**2 + 13*i - 24. Determine o(z).
-10
Let y = 603 + -603. Let o(m) be the second derivative of -8*m + 0*m**2 + y - 1/3*m**4 + 1/20*m**5 + 1/2*m**3. Determine o(4).
12
Let c(m) = m**2 - 5. Suppose -5*p = n + 16 + 3, -5*n - 29 = 3*p. Give c(p).
4
Suppose -8*p + 2 = -14. Let k(h) = h**3 - 2*h**2 - h - 2. What is k(p)?
-4
Let c(k) = 1. Let v(g) = 4. Let q(p) = 5*c(p) - v(p). Let r(b) = -b - 9. Let h(f) = 3*q(f) - r(f). Calculate h(-6).
6
Let x(a) be the second derivative of 1/12*a**4 - a + 0*a**2 + 0 - a**3. Let t = -689 + 694. What is x(t)?
-5
Suppose 5*k = -5*x + 195, 4*k - 1 = -x + 26. Let g(a) = -34 - 2*a + a - a**2 + x. Determine g(0).
9
Let z(m) = -5*m**2 - m - 1. Let l(p) = 6*p**2 + p + 1. Let a(r) = 6*l(r) + 7*z(r). Let k(f) = 2*f**2 - 2*f - 6. Let v(j) = -5*a(j) + k(j). Calculate v(2).
-7
Suppose -5*k + 4*k = 5*y - 22, -y + 3 = 0. Let x be (3*(-1)/(-9))/(10/60). Suppose -x*z + 4*c + 4 = -k*z, -5*z = c + 1. Let p(l) = -l + 6. Determine p(z).
6
Let a(g) = -g - 13. Let i(l) = 2*l + 31. Let f(o) = 5*a(o) + 2*i(o). Suppose -3*p + 5*x - 16 = 0, -3*x + x + 25 = 5*p. Give f(p).
-6
Let o(h) = h**3 - 10*h**2 + 16*h + 2. Let b be o(8). Let c(g) be the first derivative of -8 + 0*g - 1/3*g**3 + g**b. What is c(3)?
-3
Let r(k) = -k**2 + 7*k - 3. Let l = 0 - -6. Give r(l).
3
Let q(r) be the second derivative of -1/12*r**4 - 1/6*r**3 + 0 - r + 0*r**2. Let f = -765 - -764. Determine q(f).
0
Let b(h) be the second derivative of -h**5/20 - h**4/2 - h**3/6 + 3*h**2 - 30*h - 2. Give b(-5).
-14
Let c(t) = 2*t + 1. Let s(n) = 0*n - n**3 + 2 + 5*n**2 + 1 - 2*n + 2*n**3. Let f be s(-5). Let y = f + -14. Determine c(y).
-1
Let p(y) = y - 13. Let f(o) = 6*o - 66. Let m(s) = -4*f(s) + 21*p(s). What is m(-6)?
9
Let q(m) be the second derivative of 1/3*m**3 + 1/120*m**5 + 0*m**2 + 8*m - 1/8*m**4 + 0. Let d(u) be the second derivative of q(u). Calculate d(-5).
-8
Let b be (6/(-15))/(2/20). Let f be b/14 - (-12)/42. Let x(h) = -80*h**3 + 3 + h + 79*h**3 + 5. Calculate x(f).
8
Let o = -8 - -11. Let p be 4/2 + o*(-6)/3. Let g(m) be the second derivative of -m**5/20 - 5*m**4/12 - 7*m**3/6 - 5*m**2/2 - m. Calculate g(p).
7
Let w = 105 - 103. Let v(c) = -2*c**3 + 4*c - 3. Give v(w).
-11
Suppose -8 = 5*t - q + 9, -t - q - 1 = 0. Let i(d) be the second derivative of d**5/20 + 5*d**4/12 + d**3/3 - d**2/2 + d. What is i(t)?
11
Let g(i) = -4021 - 8*i - 65*i**3 + 6*i**2 + 64*i**3 + 4028. Let n(c) = c**3 + 3*c**2 - 3*c + 5. Let j be n(-4). Let a be (7 - 2)/(j/1). Calculate g(a).
-8
Let w(h) = h + 1. Let u(x) = 3*x + 3. Suppose -2*j + 4*g = -7 - 9, -3*g = -2*j + 14. Let i(y) = j*w(y) - u(y). Let q be 1*12*(7 - -2)/(-18). What is i(q)?
-5
Suppose -23*z = -20*z + 12. Let w(t) = 3*t**3 + t**2 - 2*t + 1. Let d be w(1). Let k(f) = 5*f**2 + 3 + 3*f + 2*f + 2*f**3 + 3*f**3 - 4*f**d. Determine k(z).
-1
Let i(l) = -l**2 - 11*l - 9. Let p be 1/3 - 40/(-15). Suppose -4*h = -5*z + 65, -2*z = p*z - 25. Give i(h).
1
Let f be -1*(-6)/((-12)/(-10)). Let k(i) = 3*i**3 + i**2 - f*i**3 + 7 + 3*i**3 + 6*i**2. Give k(-7).
7
Let a(d) = -5*d**3 - 4*d**2 - 2*d - 9. Let m(g) = 9*g**3 + 8*g**2 + 3*g + 17. Let r(w) = 11*a(w) + 6*m(w). Suppose -j + u = -7, 0 = j - 3*u - 4 - 11. Give r(j).
0
Let k(t) = -31*t - 286. Let z be k(-9). Let p(q) = -q - 7. Determine p(z).
0
Let v(p) be the second derivative of -3*p**4/4 - p**3/6 - 451*p. Give v(-1).
-8
Let a be (-10)/(-3) - 6/18 - -43. Let h = a - 43. Let l(b) = -b. Give l(h).
-3
Let q be 6 - (2 + 73)/5. Let y(j) = -j + 11. Determine y(q).
20
Let k be (-7)/(84/9) - (-7222)/8. Let o(t) = 1 + 3*t + 899*t**2 - t - k*t**2. Determine o(-1).
-4
Suppose 5 - 2 = o. Suppose 0 = 6*b - 5*b + o. Let g(y) = -y + 4. Let z be g(b). Let p(i) = -i**2 + 8*i - 2. Calculate p(z).
5
Let n(k) = k**3 - 7*k**2 + 7*k. Let w be n(6). Suppose -4*o + 3*s + w = -4, 0 = 3*o + 4*s - 20. Let g(p) = 11*p - 2 + 7*p - 19*p + 2*p. Give g(o).
2
Suppose v = -4*r + 6, -1 + 14 = 5*r + 4*v. Let x be (2 + -2)/(0 + -2). Let b(u) = 1 + x - 2*u - 2. Give b(r).
-3
Let q(f) = -15*f**2 - 34*f - 3. Let u = 106 + -119. Let t(i) = -7*i**2 - 16*i - 1. Let z(c) = u*t(c) + 6*q(c). Let v = -3 + -1. What is z(v)?
-5
Let q(m) = m. Let b(g) = -g**3 - 8*g**2 - 12*g - 5. Let p(j) = b(j) + 5*q(j). Let i = 36 - 43. Let x be p(i). Let z(c) = c**3 + 6*c**2 + 4*c - 7. What is z(x)?
-2
Let j(k) = -17*k + 16*k + 8*k + k**2 - 6. What is j(2)?
12
Let p(n) be the third derivative of n**6/120 + n**5/20 + 7*n**3/6 + 462*n**2. Determine p(-4).
-9
Let y(g) = g**3 + 7*g**2 - 6*g + 8. Suppose 142 - 70 = -9*m. Give y(m).
-8
Let j(g) = 12*g + 1. Let m(i) = 235*i - 236*i - 3 + 3. Let o(f) = j(